{"id":105,"date":"2026-04-09T14:05:31","date_gmt":"2026-04-09T14:05:31","guid":{"rendered":""},"modified":"2026-04-09T14:05:31","modified_gmt":"2026-04-09T14:05:31","slug":"arthrovia-terms","status":"publish","type":"page","link":"https:\/\/dealhivestores.com\/clarexin-officia\/arthrovia-terms\/","title":{"rendered":"[Pol\u00edtica] Terms of Service"},"content":{"rendered":"\t\t<div data-elementor-type=\"wp-page\" data-elementor-id=\"105\" class=\"elementor elementor-105\" data-elementor-post-type=\"page\">\n\t\t\t\t<div class=\"elementor-element elementor-element-ao9wgwt e-con-full e-flex e-con e-parent\" data-id=\"ao9wgwt\" data-element_type=\"container\" data-e-type=\"container\">\n\t\t\t\t<div class=\"elementor-element elementor-element-ewqcejv elementor-widget elementor-widget-html\" data-id=\"ewqcejv\" data-element_type=\"widget\" data-e-type=\"widget\" data-widget_type=\"html.default\">\n\t\t\t\t\t\n    \n    <style>\n      .policy-page {\n        font-family: -apple-system, BlinkMacSystemFont, 'Segoe UI', Roboto, Oxygen, Ubuntu, Cantarell, sans-serif;\n        max-width: 800px;\n        margin: 0 auto;\n        padding: 40px 20px;\n        background: #ffffff;\n        color: #333;\n        line-height: 1.7;\n      }\n      .policy-page h1 {\n        text-align: center;\n        font-size: 32px;\n        font-weight: 600;\n        color: #333;\n        margin-bottom: 10px;\n      }\n      .policy-page .last-updated {\n        text-align: center;\n        font-size: 14px;\n        color: #888;\n        margin-bottom: 40px;\n      }\n      .policy-page h2 {\n        font-size: 22px;\n        font-weight: 600;\n        color: #333;\n        margin-top: 30px;\n        margin-bottom: 15px;\n      }\n      .policy-page p {\n        font-size: 16px;\n        color: #444;\n        margin-bottom: 15px;\n      }\n      .policy-page ul, .policy-page ol {\n        margin-bottom: 15px;\n        padding-left: 25px;\n      }\n      .policy-page li {\n        font-size: 16px;\n        color: #444;\n        margin-bottom: 8px;\n      }\n      .policy-page a {\n        color: #0066cc;\n        text-decoration: none;\n      }\n      .policy-page a:hover {\n        text-decoration: underline;\n      }\n      .policy-footer {\n        margin-top: 50px;\n        padding-top: 30px;\n        border-top: 1px solid #eee;\n        text-align: center;\n      }\n      .policy-footer .links {\n        font-size: 14px;\n        color: #666;\n        margin-bottom: 10px;\n      }\n      .policy-footer .links a {\n        color: #666;\n        text-decoration: underline;\n        margin: 0 10px;\n      }\n      .policy-footer .copyright {\n        font-size: 12px;\n        color: #999;\n      }\n      @media (max-width: 768px) {\n        .policy-page {\n          padding: 20px 15px;\n        }\n        .policy-page h1 {\n          font-size: 24px;\n        }\n        .policy-page h2 {\n          font-size: 18px;\n        }\n      }\n    <\/style>\n  \n    <div class=\"policy-page\">\n      <h1>Termini di Servizio<\/h1>\n      <p class=\"last-updated\">Last updated: 9 aprile 2026<\/p>\n      <div class=\"policy-content\">\n        <h2>Accettazione dei termini<\/h2>\n<p>Accedendo, navigando o utilizzando questo sito web, riconosci di aver letto, compreso e accettato di essere vincolato dai presenti Termini di utilizzo e dalla nostra Informativa sulla privacy, qui incorporata per riferimento. Se non sei d'accordo con qualsiasi parte di questi termini, devi interrompere immediatamente l'uso di questo sito.<\/p>\n\n<h2>Uso del sito<\/h2>\n<p>Accetti di utilizzare questo sito solo per scopi leciti. Devi avere almeno 18 anni per utilizzare questo sito web. Utilizzando questo sito, dichiari e garantisci di avere almeno 18 anni. Accetti di non utilizzare il sito in modo tale da danneggiare, disabilitare o compromettere il sito o interferire con l'uso del sito da parte di altre persone.<\/p>\n\n<h2>Avvertenza sui prodotti<\/h2>\n<p>Il contenuto di questo sito web, incluse le informazioni su prodotti e servizi, \u00e8 fornito esclusivamente a scopo informativo ed educativo. Non intende sostituire la consulenza professionale. Si consiglia di consultare professionisti qualificati appropriati prima di prendere decisioni basate sulle informazioni fornite su questo sito.<\/p>\n<p>I risultati e le esperienze individuali possono variare. Le informazioni, i prodotti e i servizi offerti su questo sito non garantiscono risultati specifici.<\/p>\n\n<h2>Testimonianze e risultati<\/h2>\n<p>Le testimonianze, le recensioni e i casi studio presenti su questo sito rappresentano esperienze individuali e non garantiscono risultati tipici. I risultati possono variare da persona a persona a seconda delle circostanze individuali. Alcune testimonianze possono utilizzare pseudonimi o esempi rappresentativi per la protezione della privacy. Le immagini utilizzate accanto alle testimonianze possono essere a scopo puramente illustrativo.<\/p>\n\n<h2>Propriet\u00e0 intellettuale<\/h2>\n<p>Tutti i contenuti di questo sito, inclusi ma non limitati a testi, grafiche, loghi, immagini, audio, video e software, sono di propriet\u00e0 di Arthrovia - un alleviamento veloce del dolore articolare o dei suoi fornitori di contenuti e sono protetti dalle leggi internazionali sul diritto d'autore. La riproduzione, distribuzione o modifica non autorizzata di qualsiasi contenuto senza previo consenso scritto \u00e8 severamente vietata.<\/p>\n\n<h2>Esclusione di garanzie<\/h2>\n<p>Questo sito web e i suoi contenuti sono forniti \"COS\u00cc COME SONO\" e \"COME DISPONIBILI\" senza garanzie di alcun tipo, espresse o implicite. Arthrovia - un alleviamento veloce del dolore articolare declina tutte le garanzie, incluse ma non limitate alle garanzie implicite di commerciabilit\u00e0, idoneit\u00e0 per uno scopo particolare e non violazione. Non garantiamo che il sito sar\u00e0 ininterrotto, privo di errori o privo di virus o altri componenti dannosi.<\/p>\n\n<h2>Limitazione di responsabilit\u00e0<\/h2>\n<p>Nella misura massima consentita dalla legge applicabile, Arthrovia - un alleviamento veloce del dolore articolare e le sue affiliate, dirigenti, dipendenti e agenti non saranno responsabili per danni indiretti, incidentali, speciali, consequenziali o punitivi derivanti dall'uso o dall'impossibilit\u00e0 di utilizzare questo sito, inclusa ma non limitata alla perdita di profitti, dati o reputazione. La nostra responsabilit\u00e0 totale per qualsiasi reclamo derivante da o correlato a questi termini non superer\u00e0 l'importo da te pagato, se presente, per l'accesso al sito.<\/p>\n\n<h2>Politica di rimborso<\/h2>\n<p>Offriamo una garanzia di soddisfazione come descritto nella pagina del prodotto. Se non sei soddisfatto del tuo acquisto, puoi richiedere un rimborso entro il termine specificato nella pagina del prodotto contattandoci a contatto@dealhivestores.com. Includi il numero dell'ordine e il motivo della richiesta. I rimborsi saranno elaborati tramite il metodo di pagamento originale.<\/p>\n\n<h2>Condotta sul sito<\/h2>\n<p>Accetti di non impegnarti in nessuna delle seguenti attivit\u00e0 vietate:<\/p>\n<ul>\n<li>Trasmettere virus, malware o altro codice malevolo<\/li>\n<li>Tentare di ottenere accesso non autorizzato a qualsiasi parte del sito o dei suoi sistemi<\/li>\n<li>Utilizzare mezzi automatizzati (bot, scraper) per accedere o raccogliere dati dal sito senza autorizzazione<\/li>\n<li>Interferire con o compromettere l'integrit\u00e0 o le prestazioni del sito<\/li>\n<li>Rivendere, ridistribuire o sfruttare commercialmente qualsiasi parte del sito o dei suoi contenuti<\/li>\n<\/ul>\n\n<h2>Link di terze parti<\/h2>\n<p>Questo sito pu\u00f2 contenere link a siti web di terze parti forniti per comodit\u00e0. Questi link non costituiscono un'approvazione o un avallo di tali siti o dei loro contenuti. Non siamo responsabili per il contenuto, l'accuratezza o le pratiche di siti web di terze parti e vi accedi a tuo rischio e pericolo.<\/p>\n\n<h2>Modifiche a questi termini<\/h2>\n<p>Ci riserviamo il diritto di aggiornare, modificare o sostituire questi Termini di utilizzo in qualsiasi momento a nostra esclusiva discrezione. Le modifiche saranno effettive immediatamente dopo la pubblicazione su questa pagina. L'uso continuato del sito dopo eventuali modifiche costituisce l'accettazione dei termini rivisti. \u00c8 tua responsabilit\u00e0 consultare periodicamente questi termini.<\/p>\n\n<h2>Accordo integrale<\/h2>\n<p>I presenti Termini di utilizzo, insieme alla nostra Informativa sulla privacy, costituiscono l'intero accordo tra te e Arthrovia - un alleviamento veloce del dolore articolare riguardo all'uso di questo sito, sostituendo qualsiasi accordo o intesa precedente.<\/p>\n\n<h2>Contatto<\/h2>\n<p>Per qualsiasi domanda sui presenti Termini di utilizzo, contattaci a: contatto@dealhivestores.com<\/p>\n      <\/div>\n      \n    <div class=\"policy-footer\">\n      <div class=\"links\"><a href=\"arthrovia-privacy\">Informativa sulla Privacy<\/a> | <a href=\"arthrovia-terms\">Termini di Servizio<\/a> | <a href=\"arthrovia-contact\">Contatti<\/a><\/div>\n      <div class=\"copyright\">&copy; 2026 Arthrovia - un alleviamento veloce del dolore articolare. Tutti i diritti riservati.<\/div>\n    <\/div>\n  \n    <\/div>\n  \t\t\t\t<\/div>\n\t\t\t\t<\/div>\n\t\t\t\t<\/div>\n\t\t","protected":false},"excerpt":{"rendered":"","protected":false},"author":1,"featured_media":0,"parent":0,"menu_order":0,"comment_status":"closed","ping_status":"closed","template":"elementor_canvas","meta":{"footnotes":""},"class_list":["post-105","page","type-page","status-publish","hentry"],"_links":{"self":[{"href":"https:\/\/dealhivestores.com\/clarexin-officia\/wp-json\/wp\/v2\/pages\/105","targetHints":{"allow":["GET"]}}],"collection":[{"href":"https:\/\/dealhivestores.com\/clarexin-officia\/wp-json\/wp\/v2\/pages"}],"about":[{"href":"https:\/\/dealhivestores.com\/clarexin-officia\/wp-json\/wp\/v2\/types\/page"}],"author":[{"embeddable":true,"href":"https:\/\/dealhivestores.com\/clarexin-officia\/wp-json\/wp\/v2\/users\/1"}],"replies":[{"embeddable":true,"href":"https:\/\/dealhivestores.com\/clarexin-officia\/wp-json\/wp\/v2\/comments?post=105"}],"version-history":[{"count":0,"href":"https:\/\/dealhivestores.com\/clarexin-officia\/wp-json\/wp\/v2\/pages\/105\/revisions"}],"wp:attachment":[{"href":"https:\/\/dealhivestores.com\/clarexin-officia\/wp-json\/wp\/v2\/media?parent=105"}],"curies":[{"name":"wp","href":"https:\/\/api.w.org\/{rel}","templated":true}]}}